2.
2, 19, 241, 4549
List the prime factors of 440903535.
3, 5, 1021, 28789
What are the prime factors of 13797363?
3, 19, 242059
What are the prime factors of 165912886?
2, 29, 2860567
What are the prime factors of 1575530314?
2, 23, 2447, 13997
What are the prime factors of 10441403?
7, 1491629
List the prime factors of 1354769107.
1354769107
What are the prime factors of 2053640283?
3, 684546761
What are the prime factors of 1382503358?
2, 691251679
What are the prime factors of 569390213?
7, 81341459
What are the prime factors of 3179972889?
3, 113, 347, 9011
What are the prime factors of 16529913?
3, 29, 31, 227
What are the prime factors of 798277068?
2, 3, 83, 433, 617
What are the prime factors of 76785733?
47, 241, 6779
List the prime factors of 322061596.
2, 1361, 59159
What are the prime factors of 1323109992?
2, 3, 19, 71, 40867
What are the prime factors of 99438831?
3, 17, 38231
List the prime factors of 16774445.
5, 607, 5527
What are the prime factors of 251963219?
53, 113, 42071
What are the prime factors of 796690874?
2, 7, 56906491
What are the prime factors of 30344274?
2, 3, 561931
What are the prime factors of 379050990?
2, 3, 5, 12635033
List the prime factors of 7785502375.
5, 7, 433, 20549
List the prime factors of 54828116.
2, 7, 863, 2269
List the prime factors of 4450084631.
2161, 2059271
What are the prime factors of 1833466050?
2, 3, 5, 13, 104471
List the prime factors of 3548673386.
2, 18523, 95791
List the prime factors of 49313842.
2, 24656921
List the prime factors of 37137218.
2, 173, 181, 593
List the prime factors of 79226911.
59, 1342829
What are the prime factors of 87267373?
4201, 20773
What are the prime factors of 4352469893?
4352469893
What are the prime factors of 29583685?
5, 163, 36299
What are the prime factors of 2489531972?
2, 41, 2437, 6229
What are the prime factors of 154877798?
2, 31, 211, 11839
What are the prime factors of 1309509547?
1309509547
List the prime factors of 1609160726.
2, 804580363
What are the prime factors of 245235525?
3, 5, 3269807
What are the prime factors of 409196164?
2, 13, 7869157
What are the prime factors of 452856897?
3, 17, 31, 95479
What are the prime factors of 76090900?
2, 5, 23, 33083
List the prime factors of 36085765.
5, 2029, 3557
List the prime factors of 104763768.
2, 3, 4365157
What are the prime factors of 18167737?
7, 509, 5099
List the prime factors of 31434375.
3, 5, 7, 479
What are the prime factors of 1202822349?
3, 571, 702173
List the prime factors of 3502517041.
3502517041
What are the prime factors of 998077038?
2, 3, 7, 17, 97, 14411
List the prime factors of 76977766.
2, 38488883
List the prime factors of 2327876167.
18353, 126839
What are the prime factors of 544138016?
2, 2273, 7481
What are the prime factors of 525373678?
2, 17, 31, 109, 269
List the prime factors of 60684155.
5, 7, 59, 29387
List the prime factors of 60894213.
3, 101, 200971
What are the prime factors of 92890016?
2, 29, 199, 503
What are the prime factors of 100856947?
1609, 62683
What are the prime factors of 73874585?
5, 3517, 4201
List the prime factors of 2730329653.
2730329653
What are the prime factors of 566931421?
7, 67, 172687
List the prime factors of 33028258.
2, 167, 98887
What are the prime factors of 1847394150?
2, 3, 5, 7, 61, 28843
What are the prime factors of 774817677?
3, 59, 486389
List the prime factors of 11975388.
2, 3, 997949
What are the prime factors of 237201832?
2, 7, 31, 139, 983
List the prime factors of 21446273.
37, 579629
List the prime factors of 12375622.
2, 7, 883973
What are the prime factors of 986278182?
2, 3, 19, 71, 121853
List the prime factors of 465999404.
2, 13, 8961527
List the prime factors of 6959830.
2, 5, 223, 3121
List the prime factors of 41776719.
3, 13925573
What are the prime factors of 2592006091?
23, 113, 997309
List the prime factors of 1752319933.
7, 13, 449, 3299
What are the prime factors of 974212013?
17, 57306589
What are the prime factors of 773117226?
2, 3, 7, 79, 101, 769
What are the prime factors of 3338208704?
2, 71, 163, 4507
List the prime factors of 1151004640.
2, 5, 23, 312773
List the prime factors of 766632654.
2, 3, 83, 171047
List the prime factors of 46584037.
3413, 13649
List the prime factors of 32883536.
2, 7, 293603
List the prime factors of 1161249858.
2, 3, 2389403
What are the prime factors of 1186050117?
3, 7, 257, 219761
List the prime factors of 15979440.
2, 3, 5, 139, 479
List the prime factors of 723085102.
2, 41, 941, 9371
What are the prime factors of 44012394?
2, 3, 823, 2971
What are the prime factors of 406726996?
2, 13, 19, 411667
List the prime factors of 45918974.
2, 22959487
List the prime factors of 196464172.
2, 17, 2889179
What are the prime factors of 57138093?
3, 79, 80363
What are the prime factors of 1575447118?
2, 7, 137, 271, 433
What are the prime factors of 1391842331?
11, 347, 364643
What are the prime factors of 1550813814?
2, 3, 11, 17, 53, 8693
What are the prime factors of 472419789?
3, 1289, 122167
What are the prime factors of 3092111299?
83, 37254353
What are the prime factors of 57312476?
2, 13, 1102163
What are the prime factors of 134247910?
2, 5, 13424791
What are the prime factors of 1095245837?
7, 89, 1758019
What are the prime factors of 55002666?
2, 3, 1229, 7459
What are the prime factors of 4948998602?
2, 33563, 73727
List the prime factors of 55502730.
2, 3, 5, 229, 2693
List the prime factors of 40936972.
2, 1549, 6607
List the prime factors of 1210924339.
1210924339
What are the prime factors of 35694650?
2, 5, 29, 103, 239
List the prime factors of 257698451.
37, 6964823
What are the prime factors of 831811?
831811
List the prime factors of 910885005.
3, 5, 2797, 7237
What are the prime factors of 1459495122?
2, 3, 29, 41, 204583
List the prime factors of 353083495.
5, 127, 556037
List the prime factors of 259738489.
259738489
List the prime factors of 106708470.
2, 3, 5, 11, 323359
What are the prime factors of 97164718?
2, 7, 367, 18911
List the prime factors of 1647062912.
2, 11, 1169789
List the prime factors of 509639979.
3, 169879993
List the prime factors of 355277243.
18269, 19447
List the prime factors of 811877832.
2, 3, 11276081
List the prime factors of 681551497.
11, 883, 6379
What are the prime factors of 19655033?
887, 22159
What are the prime factors of 9550442?
2, 11, 434111
List the prime factors of 1334041666.
2, 10631, 62743
List the prime factors of 123657379.
43, 2875753
List the prime factors of 36124265.
5, 431, 16763
What are the prime factors of 882867802?
2, 449, 983149
List the prime factors of 1060046570.
2, 5, 11, 29, 332303
What are the prime factors of 27352070?
2, 5, 2735207
What are the prime factors of 47393786?
2, 11, 41, 52543
What are the prime factors of 853477233?
3, 7, 2539, 16007
List the prime factors of 2397987458.
2, 26777, 44777
List the prime factors of 4789455789.
3, 1596485263
What are the prime factors of 5681671?
89, 63839
What are the prime factors of 4067543553?
3, 179, 7574569
What are the prime factors of 34653383?
331, 104693
List the prime factors of 326308896.
2, 3, 1133017
What are the prime factors of 79169262?
2, 3, 683, 19319
List the prime factors of 512152544.
2, 1217, 13151
List the prime factors of 127791733.
197, 648689
List the prime factors of 1816002285.
3, 5, 1249, 96931
List the prime factors of 1259307383.
263, 4788241
List the prime factors of 153372145.
5, 30674429
List the prime factors of 10425844.
2, 11, 13, 1657
List the prime factors of 1089652547.
1089652547
List the prime factors of 83663391.
3, 7, 61, 241, 271
What are the prime factors of 71609996?
2, 53, 149, 2267
List the prime factors of 941658067.
7, 17, 7913093
List the prime factors of 47773280.
2, 5, 298583
What are the prime factors of 239133709?
1103, 216803
What are the prime factors of 219968556?
2, 3, 577, 31769
What are the prime factors of 5729768820?
2, 3, 5, 19, 558457
What are the prime factors of 6526800806?
2, 199, 463, 35419
What are the prime factors of 155781135?
3, 5, 3461803
What are the prime factors of 476589526?
2, 7, 17, 37, 54121
What are the prime factors of 178504774?
2, 7, 101, 126241
List the prime factors of 3156558066.
2, 3, 58454779
What are the prime factors of 2101